{"id":178,"date":"2017-06-20T10:27:53","date_gmt":"2017-06-20T10:27:53","guid":{"rendered":""},"modified":"2017-06-21T08:38:08","modified_gmt":"2017-06-21T06:38:08","slug":"impressum","status":"publish","type":"page","link":"http:\/\/www.langone.ch\/index.php\/impressum\/","title":{"rendered":"Impressum"},"content":{"rendered":"<p><span style=\"font-family: helvetica, arial, sans-serif; font-size: 24pt;\"><strong>langone.ch<\/strong><\/span><\/p>\n<p><span style=\"font-size: 10pt;\"><strong><span style=\"font-family: helvetica, arial, sans-serif;\">LANGONE Dienstleistungen<\/span><\/strong><\/span><br \/>\n<span style=\"font-family: helvetica, arial, sans-serif; font-size: 10pt;\"> Vreni Langone<\/span><br \/>\n<span style=\"font-family: helvetica, arial, sans-serif; font-size: 10pt;\"> Bettwilerstrasse 18<\/span><br \/>\n<span style=\"font-family: helvetica, arial, sans-serif; font-size: 10pt;\"> 5614 Sarmenstorf<\/span><\/p>\n<p><span style=\"font-family: helvetica, arial, sans-serif; font-size: 10pt;\"><strong>Gesch\u00e4ftsf\u00fchrung:<\/strong> Vreni Langone<\/span><\/p>\n<p><span style=\"font-family: helvetica, arial, sans-serif; font-size: 10pt;\"><strong>Telefon:<\/strong> 056 667 22 25<\/span><\/p>\n<p><span style=\"font-family: helvetica, arial, sans-serif; font-size: 10pt;\"><strong>E-Mail:<\/strong> info@langone.ch<\/span><\/p>\n<p><span style=\"font-family: helvetica, arial, sans-serif; font-size: 10pt;\"><strong>Internet:<\/strong> www.langone.ch<\/span><\/p>\n<p><span style=\"font-family: helvetica, arial, sans-serif; font-size: 10pt;\"><strong>Gerichtsstand<\/strong><\/span><br \/>\n<span style=\"font-family: helvetica, arial, sans-serif; font-size: 10pt;\"> Erf\u00fcllungsort ist Sitz des Verk\u00e4ufers<\/span><br \/>\n<span style=\"font-family: helvetica, arial, sans-serif; font-size: 10pt;\"> Gerichtsstand: Bremgarten AG<\/span><\/p>\n","protected":false},"excerpt":{"rendered":"<p>langone.ch LANGONE Dienstleistungen Vreni Langone Bettwilerstrasse 18 5614 Sarmenstorf Gesch\u00e4ftsf\u00fchrung: Vreni Langone Telefon: 056 667 22 25 E-Mail: info@langone.ch Internet: www.langone.ch Gerichtsstand Erf\u00fcllungsort ist Sitz des Verk\u00e4ufers Gerichtsstand: Bremgarten AG<\/p>\n","protected":false},"author":1,"featured_media":0,"parent":0,"menu_order":0,"comment_status":"closed","ping_status":"closed","template":"","meta":{"footnotes":""},"class_list":["post-178","page","type-page","status-publish","hentry"],"_links":{"self":[{"href":"http:\/\/www.langone.ch\/index.php\/wp-json\/wp\/v2\/pages\/178","targetHints":{"allow":["GET"]}}],"collection":[{"href":"http:\/\/www.langone.ch\/index.php\/wp-json\/wp\/v2\/pages"}],"about":[{"href":"http:\/\/www.langone.ch\/index.php\/wp-json\/wp\/v2\/types\/page"}],"author":[{"embeddable":true,"href":"http:\/\/www.langone.ch\/index.php\/wp-json\/wp\/v2\/users\/1"}],"replies":[{"embeddable":true,"href":"http:\/\/www.langone.ch\/index.php\/wp-json\/wp\/v2\/comments?post=178"}],"version-history":[{"count":5,"href":"http:\/\/www.langone.ch\/index.php\/wp-json\/wp\/v2\/pages\/178\/revisions"}],"predecessor-version":[{"id":221,"href":"http:\/\/www.langone.ch\/index.php\/wp-json\/wp\/v2\/pages\/178\/revisions\/221"}],"wp:attachment":[{"href":"http:\/\/www.langone.ch\/index.php\/wp-json\/wp\/v2\/media?parent=178"}],"curies":[{"name":"wp","href":"https:\/\/api.w.org\/{rel}","templated":true}]}}