{"id":8,"date":"2016-06-30T10:57:18","date_gmt":"2016-06-30T08:57:18","guid":{"rendered":"http:\/\/www.langone.ch\/?page_id=8"},"modified":"2016-07-02T16:12:30","modified_gmt":"2016-07-02T14:12:30","slug":"buro-dienstleistungen","status":"publish","type":"page","link":"http:\/\/www.langone.ch\/index.php\/buro-dienstleistungen\/","title":{"rendered":"B\u00fcro-Dienstleistungen"},"content":{"rendered":"<p><img loading=\"lazy\" decoding=\"async\" class=\"alignleft size-thumbnail wp-image-99\" src=\"http:\/\/www.langone.ch\/wp-content\/uploads\/2016\/06\/Fotolia_34383134_XS-150x150.jpg\" alt=\"Aufwand und Ertrag\" width=\"150\" height=\"150\" \/><span style=\"font-family: helvetica, arial, sans-serif; font-size: 12pt;\"><strong>Buchhaltung \/ Lohnbuchhaltung<\/strong><br \/>\nIch erledige Ihre Buchhaltung, Ihre Lohnbuchhaltung, mache Ihre AHV-Abrechnung, Ihre Mehrwertsteuer-Abrechnung etc.<\/span><\/p>\n<p>&nbsp;<\/p>\n<p>&nbsp;<\/p>\n<p><img loading=\"lazy\" decoding=\"async\" class=\"alignleft size-thumbnail wp-image-101\" src=\"http:\/\/www.langone.ch\/wp-content\/uploads\/2016\/06\/Fotolia_837818_XS-150x150.jpg\" alt=\"Kassa\" width=\"150\" height=\"150\" \/><span style=\"font-family: helvetica, arial, sans-serif; font-size: 12pt;\"><strong>Kassabuch<\/strong><br \/>\nIch f\u00fchre Ihr Kassabuch, sortiere Ihre Belege und lege alles am richtigen Ort ab, lege Ihnen Ordner an, damit Ihr Treuh\u00e4nder alles findet.<\/span><\/p>\n<p>&nbsp;<\/p>\n<p>&nbsp;<\/p>\n<p><img loading=\"lazy\" decoding=\"async\" class=\"alignleft size-thumbnail wp-image-83\" src=\"http:\/\/www.langone.ch\/wp-content\/uploads\/2016\/07\/Fotolia_85203005_XS-150x150.jpg\" alt=\"Korrespondenz\" width=\"150\" height=\"150\" \/><span style=\"font-family: helvetica, arial, sans-serif; font-size: 12pt;\"><strong>Korrespondenz<\/strong><br \/>\nIch f\u00fchre Ihre Korrespondenz, sei es, dass Sie einen Brief an die Gemeinde, ein Amt etc. schreiben m\u00fcssen, oder einfach einen Brief an eine private Person verfassen m\u00fcssen.<\/span><\/p>\n<p>&nbsp;<\/p>\n<p>&nbsp;<\/p>\n<p><img loading=\"lazy\" decoding=\"async\" class=\"alignleft size-thumbnail wp-image-85\" src=\"http:\/\/www.langone.ch\/wp-content\/uploads\/2016\/07\/Fotolia_101994324_XS-150x150.jpg\" alt=\"Ablage\" width=\"150\" height=\"150\" \/><strong><span style=\"font-family: helvetica, arial, sans-serif; font-size: 12pt;\">Ablage \/ Archivieren<\/span><\/strong><br \/>\n<span style=\"font-family: helvetica, arial, sans-serif; font-size: 12pt;\">Ich sortiere Ihre Rechnungen, Akten, Kassabelege etc. und lege alles in entsprechende Ordner ab.\u00a0<\/span><\/p>\n<p>&nbsp;<\/p>\n<p>&nbsp;<\/p>\n<p><img loading=\"lazy\" decoding=\"async\" class=\"alignleft size-thumbnail wp-image-80\" src=\"http:\/\/www.langone.ch\/wp-content\/uploads\/2016\/07\/Fotolia_66343738_XS-150x150.jpg\" alt=\"Debitoren\" width=\"150\" height=\"150\" \/><strong><span style=\"font-family: helvetica, arial, sans-serif; font-size: 12pt;\">Debitoren<\/span><\/strong><br \/>\n<span style=\"font-family: helvetica, arial, sans-serif; font-size: 12pt;\">Ich schreibe Rechnungen an Ihre Kunden, \u00fcberwache auf Wunsch auch den Zahlungseingang, schreibe wenn n\u00f6tig Mahnungen etc. So haben Sie Gewissheit, dass Sie keine grossen Ausst\u00e4nde haben.<\/span><\/p>\n<p>&nbsp;<\/p>\n<p><img loading=\"lazy\" decoding=\"async\" class=\"alignleft size-thumbnail wp-image-84\" src=\"http:\/\/www.langone.ch\/wp-content\/uploads\/2016\/07\/Fotolia_99750292_XS-150x150.jpg\" alt=\"Kreditoren\" width=\"150\" height=\"150\" \/><strong><span style=\"font-family: helvetica, arial, sans-serif; font-size: 12pt;\">Kreditoren<\/span><\/strong><br \/>\n<span style=\"font-family: helvetica, arial, sans-serif; font-size: 12pt;\">Ich erledige Ihre Zahlungen oder bereite sie fristgerecht zur Zahlung vor. Die Rechnungen werden in Ordner abgelegt, sodass Sie sie jederzeit wieder finden k\u00f6nnen.<\/span><\/p>\n<p>&nbsp;<\/p>\n<p>&nbsp;<br \/>\n<strong><span style=\"font-family: helvetica, arial, sans-serif; font-size: 12pt;\"><img loading=\"lazy\" decoding=\"async\" class=\"alignleft size-thumbnail wp-image-106\" src=\"http:\/\/www.langone.ch\/wp-content\/uploads\/2016\/06\/Fotolia_99750292_XS-150x150.jpg\" alt=\"Ordnung\" width=\"150\" height=\"150\" \/>Organisation<\/span><\/strong><br \/>\n<span style=\"font-family: helvetica, arial, sans-serif; font-size: 12pt;\">Ich erledige Ihre Neuorganisation Ihres B\u00fcros und der ganzen Abl\u00e4ufe. Sie k\u00f6nnen mir Ihre gesammelten Belege \u00fcbergeben und ich sorge daf\u00fcr, dass alles an seinen richtigen Platz kommt.<\/span><\/p>\n<p>&nbsp;<\/p>\n<p><strong><span style=\"font-family: helvetica, arial, sans-serif; font-size: 14pt;\">Z\u00f6gern Sie nicht, rufen Sie mich einfach an.<img loading=\"lazy\" decoding=\"async\" class=\"alignnone wp-image-77 size-thumbnail\" src=\"http:\/\/www.langone.ch\/wp-content\/uploads\/2016\/07\/Fotolia_47233291_XS-150x150.jpg\" alt=\"Termin\" width=\"150\" height=\"150\" \/><\/span><\/strong><\/p>\n","protected":false},"excerpt":{"rendered":"<p>Buchhaltung \/ Lohnbuchhaltung Ich erledige Ihre Buchhaltung, Ihre Lohnbuchhaltung, mache Ihre AHV-Abrechnung, Ihre Mehrwertsteuer-Abrechnung etc. &nbsp; &nbsp; Kassabuch Ich f\u00fchre Ihr Kassabuch, sortiere Ihre Belege und lege alles am richtigen Ort ab, lege Ihnen Ordner an, damit Ihr Treuh\u00e4nder alles findet. &nbsp; &nbsp; Korrespondenz Ich f\u00fchre Ihre Korrespondenz, sei es, dass Sie einen Brief an &hellip; <a href=\"http:\/\/www.langone.ch\/index.php\/buro-dienstleistungen\/\" class=\"more-link\"><span class=\"screen-reader-text\">\u201eB\u00fcro-Dienstleistungen\u201c<\/span> weiterlesen<\/a><\/p>\n","protected":false},"author":1,"featured_media":0,"parent":0,"menu_order":0,"comment_status":"closed","ping_status":"closed","template":"","meta":{"footnotes":""},"class_list":["post-8","page","type-page","status-publish","hentry"],"_links":{"self":[{"href":"http:\/\/www.langone.ch\/index.php\/wp-json\/wp\/v2\/pages\/8","targetHints":{"allow":["GET"]}}],"collection":[{"href":"http:\/\/www.langone.ch\/index.php\/wp-json\/wp\/v2\/pages"}],"about":[{"href":"http:\/\/www.langone.ch\/index.php\/wp-json\/wp\/v2\/types\/page"}],"author":[{"embeddable":true,"href":"http:\/\/www.langone.ch\/index.php\/wp-json\/wp\/v2\/users\/1"}],"replies":[{"embeddable":true,"href":"http:\/\/www.langone.ch\/index.php\/wp-json\/wp\/v2\/comments?post=8"}],"version-history":[{"count":8,"href":"http:\/\/www.langone.ch\/index.php\/wp-json\/wp\/v2\/pages\/8\/revisions"}],"predecessor-version":[{"id":108,"href":"http:\/\/www.langone.ch\/index.php\/wp-json\/wp\/v2\/pages\/8\/revisions\/108"}],"wp:attachment":[{"href":"http:\/\/www.langone.ch\/index.php\/wp-json\/wp\/v2\/media?parent=8"}],"curies":[{"name":"wp","href":"https:\/\/api.w.org\/{rel}","templated":true}]}}